{"id":2160,"date":"2018-03-15T14:54:47","date_gmt":"2018-03-15T14:54:47","guid":{"rendered":"http:\/\/www.calpe-diem.com\/sea-ray\/"},"modified":"2018-03-29T22:29:40","modified_gmt":"2018-03-29T21:29:40","slug":"sea-ray","status":"publish","type":"page","link":"https:\/\/www.calpe-diem.com\/pl\/sea-ray\/","title":{"rendered":"Sea Ray"},"content":{"rendered":"<p>[vc_row][vc_column][vc_widget_sidebar sidebar_id=&#8221;sidebar-3&#8243;][vc_empty_space][vc_custom_heading text=&#8221;Sea ray&#8221; font_container=&#8221;tag:h1|text_align:center&#8221; use_theme_fonts=&#8221;yes&#8221;][vc_empty_space height=&#8221;60px&#8221;][\/vc_column][\/vc_row][vc_row][vc_column width=&#8221;1\/2&#8243; css=&#8221;.vc_custom_1470409311171{border-top-width: 1px !important;border-right-width: 1px !important;border-bottom-width: 1px !important;border-left-width: 1px !important;padding-top: 5px !important;padding-right: 5px !important;padding-bottom: 5px !important;padding-left: 5px !important;border-left-color: #cccccc !important;border-left-style: solid !important;border-right-color: #cccccc !important;border-right-style: solid !important;border-top-color: #cccccc !important;border-top-style: solid !important;border-bottom-color: #cccccc !important;border-bottom-style: solid !important;}&#8221;][vc_custom_heading text=&#8221;Sea Ray&#8221; font_container=&#8221;tag:h2|text_align:center|color:%23ffffff&#8221; use_theme_fonts=&#8221;yes&#8221; css=&#8221;.vc_custom_1521125540234{padding-top: 4px !important;padding-right: 4px !important;padding-bottom: 4px !important;padding-left: 4px !important;background-color: #123672 !important;}&#8221;][vc_single_image image=&#8221;2149&#8243; img_size=&#8221;full&#8221;][vc_empty_space height=&#8221;20px&#8221;][\/vc_column][vc_column width=&#8221;1\/2&#8243;][vc_tta_tabs][vc_tta_section title=&#8221;Description&#8221; tab_id=&#8221;1489051126212-02e5616c-a544&#8243;][vc_column_text]Dlugosc: 13m<br \/>\nSzerokosc: 3,70m<br \/>\nSilnik: 2 Cartepillar 808 cv Diesel<br \/>\nMiejsc: 8 osob<\/p>\n<div class=\"tw-swapa\">\n<div class=\"DHcWmd\"><\/div>\n<\/div>\n<div class=\"oSioSc\">\n<div id=\"tw-target\">\n<div id=\"tw-target-text-container\" class=\"tw-ta-container tw-nfl\">\n<pre id=\"tw-target-text\" class=\"tw-data-text tw-ta tw-text-small\" dir=\"ltr\" data-fulltext=\"\" data-placeholder=\"T\u0142umaczenie\"><span lang=\"pl\">Wspania\u0142a \u0142\u00f3d\u017a motorowa, kt\u00f3r okre\u015bla si\u0119 zar\u00f3wno jako komfortowy jacht, jak i \r\n\u0142\u00f3d\u017a sportowa. Na pok\u0142adzie mo\u017cna przezyc ekscytuj\u0105ce dni \u017ceglarstwa wzd\u0142u\u017c wybrze\u017ca\r\ni zatoczki Calpe, Benidorm, Walencja, Ibiza, Formentera itp. Posiada 2 kabiny\r\nniezale\u017cne i rozk\u0142adany salon i pozwala nocowa\u0107 do 6 pasa\u017cer\u00f3w w nocy i 8\r\nludzi w dzie\u0144.\r\nW\u015br\u00f3d wyposa\u017cenia wyr\u00f3\u017cnia si\u0119 klimatyzacja, elektryczna toaleta, du\u017cy prysznic, prysznic na rufie,  2 lod\u00f3wki,\r\ngenerator, sprz\u0119t zatwierdzony do nawigacji po wyspach\r\nBaleary\r\nDwa silniki wysokopr\u0119\u017cne o mocy 808 KM i wyj\u0105tkowo wytrzyma\u0142y kad\u0142ub zapewniaj\u0105 doskona\u0142e osi\u0105gi\r\nkomfort w nawigacji i zapewnia  bezpiecze\u0144stwo  nawet przy bardzo zlej pogodzie.\r\nIdealna \u0142\u00f3d\u017a do p\u0142ywania z Calpe na Ibiz\u0119 i cieszenia si\u0119 niezapomnianymi chwilami<\/span><\/pre>\n<p>&nbsp;<\/p>\n<\/div>\n<\/div>\n<\/div>\n<p>[\/vc_column_text][\/vc_tta_section][vc_tta_section title=&#8221;Prices&#8221; tab_id=&#8221;1489051126372-d6d1c890-ed53&#8243;][vc_column_text]<\/p>\n<table>\n<tbody>\n<tr>\n<th><\/th>\n<th>Poza sezonem<\/th>\n<th>W sezonie<\/th>\n<\/tr>\n<tr>\n<td>4 Godz<\/td>\n<td>500\u20ac<\/td>\n<td>650\u20ac<\/td>\n<\/tr>\n<tr>\n<td>8 Godz<\/td>\n<td>750\u20ac<\/td>\n<td>900\u20ac<\/td>\n<\/tr>\n<tr>\n<td>7 Dni<\/td>\n<td>3700\u20ac<\/td>\n<td>4500\u20ac<\/td>\n<\/tr>\n<tr>\n<td><\/td>\n<td><\/td>\n<td><\/td>\n<\/tr>\n<\/tbody>\n<\/table>\n<p>*Benzyna nie wliczona w cene<\/p>\n<p>*Kapitan (sternik) w cenie[\/vc_column_text][\/vc_tta_section][vc_tta_section title=&#8221;Features&#8221; tab_id=&#8221;1490706806379-87d8c9a2-dbdd&#8221;][vc_column_text]Autopilot, daszek przeciws\u0142oneczny, materace, radio,GPS, glebokosciomierz, VHF, elektryczna toaleta,prysznic\u00a0 w kabinie,\u00a0 prysznic na rufie , klimatyzacja,drabinka do k\u0105pieli, kuchenka mikrofalowa, 2 lod\u00f3wki,generator, profesjonalny kapitan\u00a0 wymagany w cenie.[\/vc_column_text][\/vc_tta_section][vc_tta_section title=&#8221;Images&#8221; tab_id=&#8221;1517832217285-8704bc72-9f49&#8243;][vc_gallery interval=&#8221;3&#8243; images=&#8221;2150,2149,2148,2147,2146,2145,2144,2143,2142,2141&#8243; img_size=&#8221;full&#8221;][\/vc_tta_section][vc_tta_section title=&#8221;Views&#8221; tab_id=&#8221;1517832727363-357ff270-0731&#8243;][vc_gallery interval=&#8221;3&#8243; images=&#8221;1885,1277&#8243; img_size=&#8221;full&#8221;][\/vc_tta_section][\/vc_tta_tabs][\/vc_column][\/vc_row][vc_row][vc_column][vc_empty_space][\/vc_column][\/vc_row][vc_row][vc_column][vc_widget_sidebar sidebar_id=&#8221;sidebar-2&#8243;][vc_empty_space][\/vc_column][\/vc_row][vc_column css=&#8221;.vc_custom_1469530415489{border-top-width: 2px !important;border-right-width: 2px !important;border-bottom-width: 2px !important;border-left-width: 2px !important;padding-top: 4px !important;padding-right: 4px !important;padding-bottom: 4px !important;padding-left: 4px !important;border-left-color: #096abf !important;border-left-style: solid !important;border-right-color: #096abf !important;border-right-style: solid !important;border-top-color: #096abf !important;border-top-style: solid !important;border-bottom-color: #096abf !important;border-bottom-style: solid !important;}&#8221;][\/vc_column]<\/p>\n","protected":false},"excerpt":{"rendered":"<p>[vc_row][vc_column][vc_widget_sidebar sidebar_id=&#8221;sidebar-3&#8243;][vc_empty_space][vc_custom_heading text=&#8221;Sea ray&#8221; font_container=&#8221;tag:h1|text_align:center&#8221; use_theme_fonts=&#8221;yes&#8221;][vc_empty_space height=&#8221;60px&#8221;][\/vc_column][\/vc_row][vc_row][vc_column width=&#8221;1\/2&#8243; css=&#8221;.vc_custom_1470409311171{border-top-width: 1px !important;border-right-width: 1px !important;border-bottom-width: 1px !important;border-left-width: 1px !important;padding-top: 5px !important;padding-right: 5px !important;padding-bottom: 5px !important;padding-left: 5px !important;border-left-color: #cccccc !important;border-left-style: solid !important;border-right-color: #cccccc !important;border-right-style: solid !important;border-top-color: #cccccc !important;border-top-style: solid !important;border-bottom-color: #cccccc !important;border-bottom-style: solid !important;}&#8221;][vc_custom_heading text=&#8221;Sea Ray&#8221; font_container=&#8221;tag:h2|text_align:center|color:%23ffffff&#8221; use_theme_fonts=&#8221;yes&#8221; css=&#8221;.vc_custom_1521125540234{padding-top: 4px !important;padding-right: 4px !important;padding-bottom: 4px !important;padding-left: 4px !important;background-color: #123672 [&hellip;]<\/p>\n","protected":false},"author":6,"featured_media":0,"parent":0,"menu_order":0,"comment_status":"closed","ping_status":"closed","template":"","meta":{"_mi_skip_tracking":false,"_exactmetrics_sitenote_active":false,"_exactmetrics_sitenote_note":"","_exactmetrics_sitenote_category":0},"yoast_head":"<!-- This site is optimized with the Yoast SEO plugin v15.9.1 - https:\/\/yoast.com\/wordpress\/plugins\/seo\/ -->\n<title>Sea Ray -<\/title>\n<meta name=\"robots\" content=\"index, follow, max-snippet:-1, max-image-preview:large, max-video-preview:-1\" \/>\n<link rel=\"canonical\" href=\"https:\/\/www.calpe-diem.com\/pl\/sea-ray\/\" \/>\n<meta property=\"og:locale\" content=\"pl_PL\" \/>\n<meta property=\"og:type\" content=\"article\" \/>\n<meta property=\"og:title\" content=\"Sea Ray -\" \/>\n<meta property=\"og:description\" content=\"[vc_row][vc_column][vc_widget_sidebar sidebar_id=&#8221;sidebar-3&#8243;][vc_empty_space][vc_custom_heading text=&#8221;Sea ray&#8221; font_container=&#8221;tag:h1|text_align:center&#8221; use_theme_fonts=&#8221;yes&#8221;][vc_empty_space height=&#8221;60px&#8221;][\/vc_column][\/vc_row][vc_row][vc_column width=&#8221;1\/2&#8243; css=&#8221;.vc_custom_1470409311171{border-top-width: 1px !important;border-right-width: 1px !important;border-bottom-width: 1px !important;border-left-width: 1px !important;padding-top: 5px !important;padding-right: 5px !important;padding-bottom: 5px !important;padding-left: 5px !important;border-left-color: #cccccc !important;border-left-style: solid !important;border-right-color: #cccccc !important;border-right-style: solid !important;border-top-color: #cccccc !important;border-top-style: solid !important;border-bottom-color: #cccccc !important;border-bottom-style: solid !important;}&#8221;][vc_custom_heading text=&#8221;Sea Ray&#8221; font_container=&#8221;tag:h2|text_align:center|color:%23ffffff&#8221; use_theme_fonts=&#8221;yes&#8221; css=&#8221;.vc_custom_1521125540234{padding-top: 4px !important;padding-right: 4px !important;padding-bottom: 4px !important;padding-left: 4px !important;background-color: #123672 [&hellip;]\" \/>\n<meta property=\"og:url\" content=\"https:\/\/www.calpe-diem.com\/pl\/sea-ray\/\" \/>\n<meta property=\"og:site_name\" content=\"Calpe Diem - Boat Rental in Calpe\" \/>\n<meta property=\"article:modified_time\" content=\"2018-03-29T21:29:40+00:00\" \/>\n<meta name=\"twitter:card\" content=\"summary\" \/>\n<meta name=\"twitter:label1\" content=\"Est. reading time\">\n\t<meta name=\"twitter:data1\" content=\"3 minutes\">\n<script type=\"application\/ld+json\" class=\"yoast-schema-graph\">{\"@context\":\"https:\/\/schema.org\",\"@graph\":[{\"@type\":\"WebSite\",\"@id\":\"https:\/\/www.calpe-diem.com\/#website\",\"url\":\"https:\/\/www.calpe-diem.com\/\",\"name\":\"Calpe Diem - Boat Rental in Calpe\",\"description\":\"Calpe Diem - Boat Rental in Calpe\",\"potentialAction\":[{\"@type\":\"SearchAction\",\"target\":\"https:\/\/www.calpe-diem.com\/?s={search_term_string}\",\"query-input\":\"required name=search_term_string\"}],\"inLanguage\":\"pl-PL\"},{\"@type\":\"WebPage\",\"@id\":\"https:\/\/www.calpe-diem.com\/pl\/sea-ray\/#webpage\",\"url\":\"https:\/\/www.calpe-diem.com\/pl\/sea-ray\/\",\"name\":\"Sea Ray -\",\"isPartOf\":{\"@id\":\"https:\/\/www.calpe-diem.com\/#website\"},\"datePublished\":\"2018-03-15T14:54:47+00:00\",\"dateModified\":\"2018-03-29T21:29:40+00:00\",\"breadcrumb\":{\"@id\":\"https:\/\/www.calpe-diem.com\/pl\/sea-ray\/#breadcrumb\"},\"inLanguage\":\"pl-PL\",\"potentialAction\":[{\"@type\":\"ReadAction\",\"target\":[\"https:\/\/www.calpe-diem.com\/pl\/sea-ray\/\"]}]},{\"@type\":\"BreadcrumbList\",\"@id\":\"https:\/\/www.calpe-diem.com\/pl\/sea-ray\/#breadcrumb\",\"itemListElement\":[{\"@type\":\"ListItem\",\"position\":1,\"item\":{\"@type\":\"WebPage\",\"@id\":\"https:\/\/www.calpe-diem.com\/pl\/\",\"url\":\"https:\/\/www.calpe-diem.com\/pl\/\",\"name\":\"Home\"}},{\"@type\":\"ListItem\",\"position\":2,\"item\":{\"@type\":\"WebPage\",\"@id\":\"https:\/\/www.calpe-diem.com\/pl\/sea-ray\/\",\"url\":\"https:\/\/www.calpe-diem.com\/pl\/sea-ray\/\",\"name\":\"Sea Ray\"}}]}]}<\/script>\n<!-- \/ Yoast SEO plugin. -->","_links":{"self":[{"href":"https:\/\/www.calpe-diem.com\/pl\/wp-json\/wp\/v2\/pages\/2160\/"}],"collection":[{"href":"https:\/\/www.calpe-diem.com\/pl\/wp-json\/wp\/v2\/pages\/"}],"about":[{"href":"https:\/\/www.calpe-diem.com\/pl\/wp-json\/wp\/v2\/types\/page\/"}],"author":[{"embeddable":true,"href":"https:\/\/www.calpe-diem.com\/pl\/wp-json\/wp\/v2\/users\/6\/"}],"replies":[{"embeddable":true,"href":"https:\/\/www.calpe-diem.com\/pl\/wp-json\/wp\/v2\/comments\/?post=2160"}],"version-history":[{"count":11,"href":"https:\/\/www.calpe-diem.com\/pl\/wp-json\/wp\/v2\/pages\/2160\/revisions\/"}],"predecessor-version":[{"id":2606,"href":"https:\/\/www.calpe-diem.com\/pl\/wp-json\/wp\/v2\/pages\/2160\/revisions\/2606\/"}],"wp:attachment":[{"href":"https:\/\/www.calpe-diem.com\/pl\/wp-json\/wp\/v2\/media\/?parent=2160"}],"curies":[{"name":"wp","href":"https:\/\/api.w.org\/{rel}","templated":true}]}}

<p>[vc_row][vc_column][vc_widget_sidebar sidebar_id=&#8221;sidebar-3&#8243;][vc_empty_space][vc_custom_heading text=&#8221;Sea ray&#8221; font_container=&#8221;tag:h1|text_align:center&#8221; use_theme_fonts=&#8221;yes&#8221;][vc_empty_space height=&#8221;60px&#8221;][/vc_column][/vc_row][vc_row][vc_column width=&#8221;1/2&#8243; css=&#8221;.vc_custom_1470409311171{border-top-width: 1px !important;border-right-width: 1px !important;border-bottom-width: 1px !important;border-left-width: 1px !important;padding-top: 5px !important;padding-right: 5px !important;padding-bottom: 5px !important;padding-left: 5px !important;border-left-color: #cccccc !important;border-left-style: solid !important;border-right-color: #cccccc !important;border-right-style: solid !important;border-top-color: #cccccc !important;border-top-style: solid !important;border-bottom-color: #cccccc !important;border-bottom-style: solid !important;}&#8221;][vc_custom_heading text=&#8221;Sea Ray&#8221; font_container=&#8221;tag:h2|text_align:center|color:%23ffffff&#8221; use_theme_fonts=&#8221;yes&#8221; css=&#8221;.vc_custom_1521125540234{padding-top: 4px !important;padding-right: 4px !important;padding-bottom: 4px !important;padding-left: 4px !important;background-color: #123672 !important;}&#8221;][vc_single_image image=&#8221;2149&#8243; img_size=&#8221;full&#8221;][vc_empty_space height=&#8221;20px&#8221;][/vc_column][vc_column width=&#8221;1/2&#8243;][vc_tta_tabs][vc_tta_section title=&#8221;Description&#8221; tab_id=&#8221;1489051126212-02e5616c-a544&#8243;][vc_column_text]Dlugosc: 13m<br />
Szerokosc: 3,70m<br />
Silnik: 2 Cartepillar 808 cv Diesel<br />
Miejsc: 8 osob</p>
<div class="tw-swapa">
<div class="DHcWmd"></div>
</div>
<div class="oSioSc">
<div id="tw-target">
<div id="tw-target-text-container" class="tw-ta-container tw-nfl">
<pre id="tw-target-text" class="tw-data-text tw-ta tw-text-small" dir="ltr" data-fulltext="" data-placeholder="Tłumaczenie"><span lang="pl">Wspaniała łódź motorowa, któr określa się zarówno jako komfortowy jacht, jak i 
łódź sportowa. Na pokładzie można przezyc ekscytujące dni żeglarstwa wzdłuż wybrzeża
i zatoczki Calpe, Benidorm, Walencja, Ibiza, Formentera itp. Posiada 2 kabiny
niezależne i rozkładany salon i pozwala nocować do 6 pasażerów w nocy i 8
ludzi w dzień.
Wśród wyposażenia wyróżnia się klimatyzacja, elektryczna toaleta, duży prysznic, prysznic na rufie,  2 lodówki,
generator, sprzęt zatwierdzony do nawigacji po wyspach
Baleary
Dwa silniki wysokoprężne o mocy 808 KM i wyjątkowo wytrzymały kadłub zapewniają doskonałe osiągi
komfort w nawigacji i zapewnia  bezpieczeństwo  nawet przy bardzo zlej pogodzie.
Idealna łódź do pływania z Calpe na Ibizę i cieszenia się niezapomnianymi chwilami</span></pre>
<p>&nbsp;</p>
</div>
</div>
</div>
<p>[/vc_column_text][/vc_tta_section][vc_tta_section title=&#8221;Prices&#8221; tab_id=&#8221;1489051126372-d6d1c890-ed53&#8243;][vc_column_text]</p>
<table>
<tbody>
<tr>
<th></th>
<th>Poza sezonem</th>
<th>W sezonie</th>
</tr>
<tr>
<td>4 Godz</td>
<td>500€</td>
<td>650€</td>
</tr>
<tr>
<td>8 Godz</td>
<td>750€</td>
<td>900€</td>
</tr>
<tr>
<td>7 Dni</td>
<td>3700€</td>
<td>4500€</td>
</tr>
<tr>
<td></td>
<td></td>
<td></td>
</tr>
</tbody>
</table>
<p>*Benzyna nie wliczona w cene</p>
<p>*Kapitan (sternik) w cenie[/vc_column_text][/vc_tta_section][vc_tta_section title=&#8221;Features&#8221; tab_id=&#8221;1490706806379-87d8c9a2-dbdd&#8221;][vc_column_text]Autopilot, daszek przeciwsłoneczny, materace, radio,GPS, glebokosciomierz, VHF, elektryczna toaleta,prysznic  w kabinie,  prysznic na rufie , klimatyzacja,drabinka do kąpieli, kuchenka mikrofalowa, 2 lodówki,generator, profesjonalny kapitan  wymagany w cenie.[/vc_column_text][/vc_tta_section][vc_tta_section title=&#8221;Images&#8221; tab_id=&#8221;1517832217285-8704bc72-9f49&#8243;][vc_gallery interval=&#8221;3&#8243; images=&#8221;2150,2149,2148,2147,2146,2145,2144,2143,2142,2141&#8243; img_size=&#8221;full&#8221;][/vc_tta_section][vc_tta_section title=&#8221;Views&#8221; tab_id=&#8221;1517832727363-357ff270-0731&#8243;][vc_gallery interval=&#8221;3&#8243; images=&#8221;1885,1277&#8243; img_size=&#8221;full&#8221;][/vc_tta_section][/vc_tta_tabs][/vc_column][/vc_row][vc_row][vc_column][vc_empty_space][/vc_column][/vc_row][vc_row][vc_column][vc_widget_sidebar sidebar_id=&#8221;sidebar-2&#8243;][vc_empty_space][/vc_column][/vc_row][vc_column css=&#8221;.vc_custom_1469530415489{border-top-width: 2px !important;border-right-width: 2px !important;border-bottom-width: 2px !important;border-left-width: 2px !important;padding-top: 4px !important;padding-right: 4px !important;padding-bottom: 4px !important;padding-left: 4px !important;border-left-color: #096abf !important;border-left-style: solid !important;border-right-color: #096abf !important;border-right-style: solid !important;border-top-color: #096abf !important;border-top-style: solid !important;border-bottom-color: #096abf !important;border-bottom-style: solid !important;}&#8221;][/vc_column]</p>
